of -3/4*r**4 + 0*r + 1/120*r**6 - 2*r**3 + 35*r**2 + 0 - 3/10*r**5. What is the remainder when 24 is divided by t(19)?
3
Suppose -2*n + 3*f = 2*f - 26, 0 = -4*n - 4*f + 64. Let o = -9 + 12. Suppose o*z = 2*z + 27. What is the remainder when z is divided by n?
13
Let f(j) = -2936*j**2 + 0 + 47 - 12 + 2940*j**2 - 5*j. Calculate the remainder when f(6) is divided by 40.
29
Let n(k) be the third derivative of 3*k**4/4 - 13*k**3/3 + 2*k**2 - 10. What is the remainder when n(3) is divided by 20?
8
Let b be (2*1)/((-24)/(-60)). Let u(k) = k**3 - 6*k**2 + 6*k - 8. Let i be u(b). Calculate the remainder when ((-4)/12)/(2*i/738) is divided by 7.
6
Calculate the remainder when ((-2497)/(-77) + (-42)/(-6))/((-2)/(-42)) is divided by 10.
8
Let v be (-9)/(-6)*2/6*0. Suppose -4*l + l + 18 = v. Calculate the remainder when 12 is divided by l/15*-2*(-25)/2.
2
Calculate the remainder when 2221 is divided by (-38)/3*(-36)/8.
55
Let d(o) be the third derivative of o**6/120 + 2*o**5/15 + 11*o**4/24 + o**3/3 + 16*o**2 + 1. Calculate the remainder when 198 is divided by d(-6).
6
Let l(c) = 20*c**2 - 61*c - 45. Calculate the remainder when l(-9) is divided by 25.
24
Let r = 232 - 116. Let i(q) = -11*q**3 + 365*q**2 - 61*q - 145. What is the remainder when r is divided by i(33)?
16
Calculate the remainder when 132/693 - (-118365)/63 is divided by 14.
3
Let i(l) = l**3 + l**2 + l. Let r be i(-1). Let y(o) = -86*o - 1. Suppose -94 = -4*b - 2*w, w + 231 - 209 = b. What is the remainder when y(r) is divided by b?
16
Let w(q) = -2*q**2 - 18*q - 13. Suppose 2*i - 3*n - 57 = 2*n, 5*n = i - 26. Calculate the remainder when i is divided by w(-6).
8
Let i(d) = d**3 - 3*d**2 - 9*d + 12. Let w be i(4). Let m(x) = x**2 + 11*x + 29. Calculate the remainder when 74 is divided by m(w).
4
Let c = 252 - 137. What is the remainder when c is divided by 87*(20/6 - (18 + -15))?
28
Let a(u) = -25*u - 6 + 2*u - u**2 + 12*u + 0*u. Let x be a(-6). Let p = x + -1. Calculate the remainder when p is divided by 6.
5
Let m(h) = h**3 - 44*h**2 + 196*h + 37. What is the remainder when 1362 is divided by m(39)?
70
Suppose 5*k - 87 = 6*c - 9*c, k - 16 = -2*c. Calculate the remainder when 1017 is divided by k.
9
Let o(w) = -2*w - 32. Let q be o(-18). Let j(z) = -q*z**2 - 9*z + 5*z**2 + 26 - 5*z. Calculate the remainder when j(18) is divided by 20.
18
Let u be -1*7/((-14)/116). Suppose 4*z - 4*v - 656 = 0, -88 - 246 = -2*z + 5*v. Suppose -4*k - u = -z. What is the remainder when k is divided by 21?
5
Suppose -j + 4*k + 115 = 0, 2*k = -89*j + 93*j - 362. Calculate the remainder when 385 is divided by j.
37
Suppose 5*x = 2*u + 3*x - 10, 0 = 5*x + 15. Suppose -12 = -5*t - u. Calculate the remainder when (2*(-8)/10)/((-40)/100) is divided by t.
0
Let g(t) = -t**3 + 104*t**2 + 102*t + 317. What is the remainder when 297 is divided by g(105)?
1
What is the remainder when 289 is divided by ((-4)/(-2))/((-6)/720*-8)?
19
Let n(v) = -7*v + 21. Let q be n(7). Let y = 31 + q. Suppose -y*z - 2*z = -25. Calculate the remainder when 22 is divided by z.
2
Let b(h) = h**2 - 25*h + 10. Let i be b(-9). What is the remainder when (-11 - -13) + i + -2 is divided by 53?
51
Let y = -14 - -5. Let l be 43/y + (-8)/36. Calculate the remainder when 9 is divided by (1 + 5)*l/(-10).
0
Let m(r) = 2*r**2 - 161*r - 685. What is the remainder when 202 is divided by m(85)?
42
Suppose 167 = 15*l - 88. Calculate the remainder when 3755 is divided by l.
15
Let r = -5000 - -5174. What is the remainder when r is divided by 126?
48
Let p = -7 + 18. Let i = p - 0. Let o(x) = 2*x**2 - 9*x - 56. What is the remainder when o(10) is divided by i?
10
Suppose 23*d + 3873 + 1854 = 0. Let t = d + 256. Calculate the remainder when t is divided by 5.
2
Let i = 38 - 63. Let o = -24 - i. Let p = o - -5. Calculate the remainder when p is divided by 3.
0
Calculate the remainder when 485 is divided by -7*(14 + 540/(-35)).
5
Let g(p) = p**3 + 12*p**2 - 13*p + 7. Let j(y) = y**3 - 11*y**2 + 24*y + 19. Calculate the remainder when g(-13) is divided by j(4).
1
Suppose -119 = -47*p + 22. Suppose -p*y = -9*b + 11*b - 824, 2*b = 5*y - 1384. Calculate the remainder when y is divided by 56.
52
Let l = 223 + -126. Suppose 16 = -5*c - 19, 4*p + c - 61 = 0. Calculate the remainder when l is divided by p.
12
Calculate the remainder when ((-103)/3)/((-2)/(-168)*(-108)/54) is divided by 23.
16
Let r = 9211 - 9023. Calculate the remainder when r is divided by 60.
8
Let f(p) = p**2 + 2*p - 82. Let c be (6/9)/(11/(2145/(-10))). Calculate the remainder when f(c) is divided by 11.
6
Let q = -3826 + 3982. What is the remainder when q is divided by 10?
6
Suppose 5*f = -24 + 44. Suppose 115 = -f*y + a + 317, y + a = 48. What is the remainder when y is divided by 45?
5
Let l(s) = -56*s - 41. Let p be l(12). Let a = 1418 + p. Let i = a - 480. Calculate the remainder when i is divided by 38.
35
Let v be (-20)/(-6) + 10/15. Let x(t) = -6*t + v*t + 3*t + 55. What is the remainder when x(16) is divided by 12?
11
Let j = -5268 + 5476. What is the remainder when j is divided by 45?
28
Suppose -9313 = -5*r - 4*f, -3*r + 126*f + 5610 = 121*f. What is the remainder when r is divided by 926?
13
Let c = 3316 + -3114. What is the remainder when c is divided by 106?
96
Suppose -8*l + 3149 = 1109. Let x = 477 - l. Calculate the remainder when x is divided by 15.
12
Suppose 16*f = -45*f + 342 - 98. Suppose 0 = b + t - 14, -14 = -5*b - 2*t + 44. What is the remainder when b is divided by f?
2
Calculate the remainder when 201 is divided by ((3 + -5)/((-28)/4494))/3.
94
Suppose 148*x - 56090 = 77*x. Calculate the remainder when x is divided by 169.
114
Suppose -6*k + 3*k + 48 = 0. Let p be (-12)/k*4*(-1 - 11). Let q = -33 + p. Calculate the remainder when q is divided by 1.
0
Let y be (4968/90)/(1/25). Let w = 2386 - y. Calculate the remainder when w is divided by 16.
14
Suppose 4*h + 0*h - 180 = 0. Suppose 2*s - 180 = -8*s. Calculate the remainder when 10 is divided by (-1)/2 + h/s.
0
Let h = -18 + 30. Let f(j) be the first derivative of 2*j**2 + 86*j + 58. What is the remainder when f(-14) is divided by h?
6
Let s(v) = 229*v**2 + 18*v - 37. Let f be s(2). Suppose f = 35*o - 1710. Calculate the remainder when 373 is divided by o.
73
Suppose -99*m + 94*m + 4544 = -4*f, -f + 907 = m. Calculate the remainder when m is divided by 10.
8
Suppose -8*f = 3*p - 13*f - 1311, 2*p - 3*f = 876. What is the remainder when p is divided by 45?
42
Calculate the remainder when 6064 is divided by (-40)/320 - (-9480)/64.
144
Let s be (-7035)/(-30) + (-3)/(-6). Suppose 0 = 16*j - s - 277. What is the remainder when 126 is divided by j?
30
Suppose 29276 = 132*d - 80*d. Calculate the remainder when d is divided by 82.
71
Let h(y) = -y**3 + 13*y**2 + 14*y + 4. Let l be h(14). Suppose 0 = -3*w + l*v + 247, -5*w + 324 = -w - 4*v. Calculate the remainder when w is divided by 27.
23
Suppose -4963*i - 1629 = -4972*i. What is the remainder when 4160 is divided by i?
178
Let w(o) = 2*o - 10. Let a be w(8). Suppose -5*k + 10 = -5*h, -a*h - 10 = -5*h - 3*k. Calculate the remainder when 2 is divided by h.
0
Let i = 3 + 0. Suppose i*k - l + 0*l - 67 = 0, 5*l = -4*k + 102. Let f(u) = -u**2 + 25*u - 28. What is the remainder when 71 is divided by f(k)?
17
Let q(b) = -230*b + 1159. What is the remainder when 250 is divided by q(5)?
7
Suppose 3*q - 4 = y - 12, 3*y + 4*q - 63 = 0. What is the remainder when (0 - y)/((-50)/200) is divided by 37?
31
Suppose -o - 28 + 31 = 0. Suppose o*h + 122 = 281. Calculate the remainder when 102 is divided by h.
49
Let z(w) be the third derivative of w**5/60 + 4*w**4/3 + 20*w**3 - 13*w**2. What is the remainder when z(-44) is divided by 31?
28
Suppose 154 - 847 = -21*s. What is the remainder when 5177 is divided by s?
29
Let b be (1 - 0)/(2 + (-100)/48). Suppose -3*s - 3*z = -0*s - 15, 2*z + 32 = 4*s. What is the remainder when b*(1 - (-8)/(-4)) is divided by s?
5
Suppose -30*a = -32*a + 14. Suppose 0 = a*x - 12*x + 25. Calculate the remainder when 46 is divided by x.
1
Suppose -4*a - 2*x - 1 = -7, -a - 3*x = -4. Suppose 5*l = 15, -4*n - n + a = 2*l. What is the remainder when (n - -15) + (-2 - -1) is divided by 4?
1
Calculate the remainder when (0 - 6) + (42 + 473 - 24) is divided by 229.
27
Let h =